y(7)?
1909
Let w(r) = r**3 - 56*r**2 + 163*r - 444. Determine w(53).
-232
Let d(a) = 879*a - 78457. Determine d(89).
-226
Let f(x) = -4*x**3 + 1068*x**2 + 159*x - 42457. Give f(267).
-4
Let s(v) = 17*v**2 + 1278*v + 55. Determine s(-75).
-170
Let g(m) = 345399*m + 3108609. Determine g(-9).
18
Let n(c) = 67052*c - 201162. What is n(3)?
-6
Let i(r) = -23288*r + 395987. What is i(17)?
91
Let p(i) = -1009*i - 19964. Calculate p(-20).
216
Let g(s) = -91945*s + 1655001. Give g(18).
-9
Let l(w) = -9*w**2 + 4448*w + 58272. Calculate l(507).
-33
Let i(v) = 9*v**3 - v**2 + 164*v + 726. Calculate i(-6).
-2238
Let t(m) = -41*m**3 - 7*m**2 - 78*m - 216. Give t(-3).
1062
Let j(p) = -174*p**2 - 2268*p - 51. Give j(-13).
27
Let s(f) = -105*f - 1157. What is s(-10)?
-107
Let l(y) = 2*y**3 + 163*y**2 + 48*y - 2340. Determine l(-81).
333
Let t(p) = 3*p**2 + 151*p + 1737. What is t(-19)?
-49
Let o(l) = -7415199*l + 37075995. Give o(5).
0
Let w(n) = -3*n**2 - 8923*n + 35696. Calculate w(4).
-44
Let f(l) = -26475*l - 529494. What is f(-20)?
6
Let n(u) = 30*u**2 - 931*u. Give n(30).
-930
Let g(p) = 3*p**3 - 120*p**2 - 265*p + 535. Calculate g(42).
-11
Let d(z) = z**3 + 31*z**2 + 93*z - 93. Give d(-24).
1707
Let t(g) = g**2 + 1696*g - 33931. Give t(20).
389
Let x(u) = 2*u**3 - 78*u**2 + 209*u - 2359. Give x(37).
-102
Let m(i) = 3323*i - 192704. Give m(58).
30
Let s(j) = -12*j**2 + 3970*j - 11906. Determine s(3).
-104
Let j(s) = s**3 - 3*s**2 - 5835*s + 1005. Give j(-75).
-120
Let d(j) = j**3 - 10*j**2 - 337*j + 6603. What is d(-21)?
9
Let d(m) = 5*m**2 - 337*m + 465. Calculate d(71).
1743
Let t(d) = 3494*d - 890914. Calculate t(255).
56
Let h(i) = -2*i**2 + 1430*i - 79787. What is h(61)?
1
Let y(q) = -69*q**3 + q**2 - 216*q + 632. What is y(3)?
-1870
Let u(q) = 268*q**2 + 25206*q + 1312. Calculate u(-94).
-4
Let s(r) = 789*r - 60364. Calculate s(82).
4334
Let u(z) = -659*z**3 - z**2 - 17*z + 16. Determine u(1).
-661
Let j(t) = t**3 - 79*t**2 - 590*t + 183. Give j(86).
1215
Let b(m) = 64408*m - 2898354. Determine b(45).
6
Let d(u) = u**3 + 8*u**2 - 2228*u - 13401. Give d(-6).
39
Let c(x) = 365*x + 1742. Calculate c(-7).
-813
Let m(k) = 1284940*k - 7709614. Give m(6).
26
Let m(x) = 1834*x + 16353. Determine m(-9).
-153
Let x(n) = n**3 + 35*n**2 + 246*n - 36. Determine x(-10).
4
Let g(v) = -v**2 - 210622*v + 1474408. What is g(7)?
5
Let c(y) = -20*y**3 + 1915*y**2 + 484*y - 380. Calculate c(96).
4
Let p(t) = -3*t**2 + 245*t - 233. Determine p(81).
-71
Let x(b) = -b**2 + 81249*b - 731157. Calculate x(9).
3
Let y(n) = -2*n**3 + 689*n**2 - 10206*n + 2327. Give y(329).
24
Let f(o) = 84*o + 1289. What is f(-10)?
449
Let j(d) = -d**3 + 35*d**2 - 68*d + 165. Calculate j(30).
2625
Let k(d) = -d**2 - 2553*d - 60671. Calculate k(-24).
25
Let u(j) = -23*j**2 + 176*j - 76. Calculate u(1).
77
Let l(j) = 884931*j + 3539737. Determine l(-4).
13
Let n(y) = -630*y + 1055. Determine n(2).
-205
Let z(f) = f**2 - 44*f - 53650. Give z(-209).
-773
Let l(u) = u**3 - 42*u**2 + 306*u - 103. Calculate l(33).
194
Let r(d) = -55*d**2 - 1650*d + 2. Give r(-30).
2
Let a(i) = 2*i**2 - 169*i - 675. Calculate a(68).
-2919
Let q(w) = -113*w**3 + 2*w**2 - 30*w + 55. Determine q(2).
-901
Let k(l) = -319*l - 52601. Determine k(-172).
2267
Let p(k) = -35*k**2 - 19*k + 1315. Determine p(13).
-4847
Let c(d) = -3674*d + 2996. Calculate c(1).
-678
Let y(u) = -119*u**2 - 292*u + 867. Determine y(3).
-1080
Let b(k) = 24*k**2 - 1126*k + 13178. What is b(24)?
-22
Let p(m) = 2134*m + 16704. Calculate p(-8).
-368
Let z(m) = -152*m - 1245. What is z(-9)?
123
Let s(n) = 84*n**2 + 999*n - 1019. Calculate s(-13).
190
Let x(c) = 523*c - 48340. What is x(92)?
-224
Let j(k) = -k**3 - 17*k**2 - 7370*k - 65673. Calculate j(-9).
9
Let s(q) = -q**3 - 29*q**2 - 263*q - 2829. Calculate s(-23).
46
Let g(p) = -103*p - 19916. Give g(-194).
66
Let r(x) = 3*x**3 + 20*x**2 - 807*x - 1936. Determine r(-19).
40
Let p(a) = -4666*a + 139961. Give p(30).
-19
Let w(g) = 7*g - 280. What is w(-86)?
-882
Let d(j) = -14368*j - 2054594. What is d(-143)?
30
Let r(g) = -7*g**2 + 159*g - 869. What is r(13)?
15
Let x(n) = 4*n**2 + 132*n - 1643. Determine x(10).
77
Let r(p) = -774*p**2 - 29*p + 83. Give r(2).
-3071
Let z(v) = 344*v - 19984. What is z(59)?
312
Let f(g) = 3*g**3 - 1220*g**2 - 388*g - 7752. What is f(407)?
-19
Let f(m) = -2544*m - 127188. Determine f(-50).
12
Let x(w) = 5*w**2 + 627*w + 9938. Give x(-15).
1658
Let i(d) = -d**3 + 7*d**2 + 291589*d - 1749573. Determine i(6).
-3
Let n(v) = -3920*v + 39833. Give n(10).
633
Let u(v) = 1878*v + 52548. Give u(-28).
-36
Let m(l) = -3*l**3 + 94*l**2 + 1179*l - 37477. Calculate m(31).
33
Let q(k) = -2*k**2 + 70*k - 77. What is q(6)?
271
Let q(t) = -4*t**3 - 57*t**2 - 73*t - 190. What is q(-13)?
-86
Let d(x) = 2*x**3 - 168*x**2 + 1728*x + 65. Calculate d(72).
65
Let j(m) = 49983*m + 199934. Calculate j(-4).
2
Let l(a) = -34*a + 2304. Calculate l(66).
60
Let l(g) = 134*g - 17017. What is l(127)?
1
Let g(c) = 2*c**2 + 130*c - 2803. Give g(-82).
-15
Let d(h) = 399*h + 11377. Give d(-37).
-3386
Let b(t) = 514*t**2 + 303*t + 599. Give b(-2).
2049
Let j(l) = -112067*l + 2129264. Give j(19).
-9
Let m(i) = 165*i**2 + 28*i + 57. Calculate m(-2).
661
Let n(d) = -10*d**3 - 93*d**2 + 48*d + 98. Give n(-10).
318
Let o(w) = 17*w**2 + 543*w + 1601. Calculate o(-28).
-275
Let d(o) = 2*o**2 - 368*o - 6608. Give d(200).
-208
Let m(h) = -206*h**2 - 12058*h - 40055. Give m(-55).
-15
Let o(f) = f**3 - 4*f**2 + 49262*f - 197048. What is o(4)?
0
Let y(o) = -2983*o**2 + 202843*o + 20. Determine y(68).
-48
Let w(g) = 14*g**2 + 283*g - 56. Give w(-18).
-614
Let l(m) = -2*m**3 + 37*m**2 + 88*m - 217. What is l(20)?
343
Let y(c) = 1940*c - 19418. What is y(10)?
-18
Let v(l) = -44*l**2 + 391*l - 1638. Calculate v(6).
-876
Let u(z) = -707*z**2 + 325*z + 324. Calculate u(-1).
-708
Let c(m) = 2*m**3 - 289*m**2 + 147*m - 442. Calculate c(144).
-10
Let h(i) = i**3 - 1181*i**2 - 1556*i + 441987. Determine h(1182).
-81
Let l(t) = 38591*t - 19874359. Give l(515).
6
Let z(w) = -2892*w + 17976. Give z(6).
624
Let u(t) = 17*t**3 - 75*t**2 + 107*t - 107. What is u(3)?
-2
Let j(u) = 32*u - 571. Calculate j(18).
5
Let k(y) = 2186*y - 793483. Give k(363).
35
Let g(z) = -415*z - 2912. Calculate g(-7).
-7
Let l(c) = 8*c**3 + 1409*c**2 + 4333*c + 1393. Calculate l(-173).
9
Let v(r) = 44*r**3 - 70929*r**2 + 1610*r + 3233. Determine v(1612).
9
Let j(o) = -3493*o + 1369250. Calculate j(392).
-6
Let r(b) = -35193*b + 4962226. Determine r(141).
13
Let g(k) = k**3 - 55*k**2 + 667*k + 29. Calculate g(22).
-1269
Let c(w) = -77226*w + 308530. What is c(4)?
-374
Let l(h) = h**3 + 188*h**2 + 1927*h - 3532. Give l(-177).
8
Let o(b) = -b**3 + 164*b**2 - 4959*b - 39. Give o(40).
1
Let z(s) = -s**3 - 9*s**2 - 213*s - 1777. Give z(-9).
140
Let c(b) = -67*b**2 - 2611*b - 21629. Give c(-27).
25
Let y(j) = 1562*j**2 + 991*j - 993. Give y(1).
1560
Let p(s) = 268*s**3 - 2143*s**2 + 23*s - 244. Calculate p(8).
4
Let x(l) = -10*l**2 + 1562*l - 45879. Calculate x(117).
-15
Let l(d) = 5*d**3 - 82*d**2 + 271*d + 46. What is l(5)?
-24
Let m(a) = 72*a + 1164. Give m(-17).
-60
Let v(u) = 791*u - 1791. What is v(3)?
582
Let n(a) = -2*a**2 + 2513*a - 571267. What is n(298)?
-1
Let o(h) = 1944*h + 8000. Give o(-4).
224
Let q(z) = -144*z**2 + 1335*z - 131. What is q(9)?
220
Let j(m) = -116*m**2 - 2157*m - 7428. Give j(-14).
34
Let s(a) = -17*a**3 + 2133*a**2 - 989*a - 1379. What is s(125)?
-4
Let x(g) = -28*g**2 + 47*g - 756. Give x(13).
-4877
Let j(d) = -120*d**3 + 91559*d**2 + 758*d + 3806. What is j(763)?
-9
Let s(c) = -3*c**2 - 1052*c + 52539. Give s(-395).
4
Let y(d) = -461222*d - 10608092. Calculate y(-23).
14
Let l(s) = -8*s**3 - 88*s**2 - 388*s - 1311. Calculate l(-8).
257
Let v(t) = 5*t**3 + 65*t**2 + 61*t - 21. Calculate v(-12).
-33
Let m(u) = -37221*u + 855966. Give m(23).
-117
Let h(y) = -4*y**2 - 2284*y + 208316. What is h(-651)?
-4
Let o(f) = 343*f - 31048. Calculate o(91).
165
Let y(w) = -3*w**3 + 28*w**2 + 4*w - 76. Calculate y(10).
-236
Let x(w) = -w**2 - 9683*w + 38734. Determine x(4).
-14
Let s(o) = 2*o**2 + 3941*o + 11812. Give s(-3).
7
Let d(a) = -579*a + 63944. Calculate d(104).
3728
Let m(u) = -13*u**2 + 54*u - 42. Determine m(-2).
-202
Let b(t) = -